- 1 - 3) + 0 + 4.
3
What is 2 - (0 + 7 + 0)?
-5
What is (-3 - -3) + (-3 - (-1 - -3))?
-5
Calculate -8 + 5 + -6 + 3.
-6
-7 - -10 - -4 - 3
4
What is the value of -17 - (6 + -16 - -1)?
-8
Evaluate 0 + 1 + -1 - (6 - 9).
3
What is (-1 - 1) + (-6 - (-13 + 9))?
-4
What is 7 + -4 + (-8 - -6)?
1
Evaluate (-288 - -303) + (1 - 16).
0
Evaluate 5 + (2 + -2 - 6).
-1
Calculate 1 + 4 - (0 + 5 + -8).
8
Calculate -2 - -2 - (-2 - -4) - 4.
-6
Calculate 7 + (4 - (15 - 6)).
2
Calculate 9 + 2 + 4 + -19.
-4
(-3 - -5) + -6 - -9
5
What is the value of -3 + (8 - 6) + 1 + -4?
-4
What is -2 + 4 + 0 + 2 + -1?
3
What is the value of -10 - -3 - (-2 - (5 - 5))?
-5
1 + -8 + 5 + -2
-4
Evaluate (5 - ((1 - 1) + -1)) + -2.
4
11 + -12 + -2 + 0 + -2
-5
Evaluate 1 + (-5 + -2 + 4 - 0).
-2
What is (-10 - (-11 - -4)) + -3?
-6
2 + (-5 - -2 - 3) - -5
1
(-45 + 49 - (-3 + 1)) + 1
7
What is the value of 1 - 1 - (-6 - (-4 + -6))?
-4
What is the value of 1 + (6 + -6 - 6)?
-5
(-3 + -1 - -9) + 1 + 1
7
Evaluate 1 + 2 - 2 - (-4 + 0).
5
What is 7 + 2 + -9 - -2?
2
What is -2 + (7 - 0) + -15 + 9?
-1
Evaluate -5 + (0 - -1 - -5) + 2.
3
Evaluate (2 - -3) + (-3 - 0).
2
Evaluate (-7 - 5) + 22 - 6.
4
Calculate 4 + (2 - ((1 - 3) + 5)).
3
What is -34 - -33 - (1 - (-2 + -2))?
-6
What is (-2 - -1) + 1 + -12 + 12?
0
What is (-2 - -1) + (-2 - -2 - 3)?
-4
(-10 + 6 - 0) + 2
-2
What is the value of 4 - (-6 + 4 + (6 - 0))?
0
What is the value of 1 - ((-6 - -12) + -3 + 7)?
-9
What is the value of (-2 - 0) + (-3 - 0)?
-5
Evaluate -1 - -8 - (-2 - -12).
-3
What is 4 + (0 - 2) + (1 - 5)?
-2
Calculate 2 - (7 + 1 + 1).
-7
What is the value of -6 + (-5 - (0 - 8))?
-3
Calculate -6 + 9 + -18 + 5.
-10
Calculate 1 + (-6 - (7 + -16)).
4
What is the value of -5 - -2 - (0 - 2)?
-1
Calculate (-1 - (-7 + (1 - -2))) + -4.
-1
What is the value of 4 + (2 - -2 - (7 - 2))?
3
Evaluate (5 - (-5 - -4)) + -5 - 3.
-2
Calculate -1 + 0 + (-9 + 4 - -2).
-4
Evaluate -4 + 5 - (3 + -7).
5
What is the value of (8 - 1) + (10 - 6) + -7?
4
0 + (-2 - -4) - (10 + -1)
-7
Evaluate -3 - 0 - (-5 - -2).
0
What is 13 + -7 + (-4 - 4)?
-2
What is the value of -4 - (7 - (1 + 9))?
-1
What is 6 + (1 - -2) + -8 + 2?
3
Evaluate 3 + 5 - (4 - -3).
1
Evaluate 15 + 7 + -11 + -1.
10
What is the value of 4 + -2 + (1 - 0 - 3)?
0
What is -1 + -2 + -3 + 3 + -1?
-4
What is (20 - 15) + -10 + 0?
-5
3 + -7 + 4 + 1
1
12 - 9 - (-2 - -6)
-1
Calculate -4 + 1 + (2 - 5 - -2).
-4
What is 0 + (5 - 6 - -4)?
3
What is the value of (5 - 13) + -1 + 3?
-6
What is -3 + (-3 - -5) + -1?
-2
Evaluate -1 + (6 - 14) - -7.
-2
Calculate 6 + 2 + -17 + 3 + 9.
3
What is the value of 2 + (9 + -24 - -8)?
-5
Evaluate -2 + 1 + (0 - -1).
0
What is (15 - (0 + 11)) + (-1 - 1)?
2
(1 + -3 - -5) + (-1 - -4)
6
4 + (1 - 1) + (-51 - -54)
7
What is 2 + 3 + (-6 - (2 - 2))?
-1
What is the value of -9 - -9 - (4 + -7 + -4)?
7
Calculate (1 - (-1 - 0)) + (2 - 2).
2
6 + 0 - (37 - 26)
-5
Evaluate (2 - 0) + 2 + -4 + 2.
2
What is the value of (0 - -6) + (16 - 21)?
1
10 + (-6 - 2) - (-2 - 2)
6
-8 + 0 + 3 - -6 - 3
-2
What is the value of 6 + (6 - 4) + -2?
6
Evaluate 1 - (5 - 0 - 3).
-1
What is 6 - (15 + (-8 - -3))?
-4
Evaluate -1 + 2 + -6 + 21 + -14.
2
1 - (-14 + -5 - -12)
8
Calculate (39 - 26 - (-1 - -1)) + -7.
6
What is 6 + (0 - (3 + 3))?
0
What is 4 + 4 + -7 + -4?
-3
What is -5 - (-8 - -4) - -6?
5
18 + -18 - (-6 + 0 - -1)
5
What is -2 + 2 + 2 - -3 - 1?
4
4 + -4 + 1 + -8
-7
What is -4 - -2 - -6 - (-1 - -4)?
1
Evaluate -1 + (-1 - -3) - 6.
-5
Calculate 1 - (5 + (1 - (0 + 0))).
-5
Evaluate 4 + (-11 - -5 - (-2 - -1)).
-1
What is the value of -22 - -27 - (0 + 1)?
4
Calculate 9 + 3 + -6 + -7.
-1
Calculate (-1 - 4 - 0) + 10 + -4.
1
-1 + 3 - -1 - (-9 - -16)
-4
What is 3 + -9 + (8 + -11 - 0)?
-9
Evaluate 6 - ((-2 - 4) + 13).
-1
Calculate 9 - 6 - (2 + (4 - 2)).
-1
Evaluate -1 + 3 + 6 + -13.
-5
-1 + (8 - (0 - -3))
4
What is the value of 0 - (6 - (-1 + 11))?
4
Calculate 1 - -1 - (-2 + 12 + -6).
-2
What is the value of 7 + -7 + (0 - 2) + -1?
-3
Evaluate 4 + (-1 - 2) + 2.
3
Evaluate 0 + -2 + (21 - 17).
2
2 + 1 + (2 - -1) - 2
4
What is the value of -3 + (-1 - -1 - -3) + -2?
-2
What is 5 + (0 - (5 + 0))?
0
What is the value of 8 - (23 - (-1 - -13))?
-3
Evaluate 5 + -1 + 2 + (-4 - 1).
1
Evaluate -9 + (6 - 2) + -2 + 2.
-5
What is -3 + 3 + -3 - (-3 - 2)?
2
Evaluate 75 + -67 + (-12 - -1).
-3
What is 4 - (4 - 3) - -1?
4
What is -3 + (4 - 5) + 4?
0
What is -19 + -8 + (17 - -2)?
-8
Evaluate -5 - (11 + -6 - 17).
7
What is -23 + 25 - (6 + 0)?
-4
What is 10 - 11 - (-2 - -11) - -4?
-6
What is 5 - (7 - 4 - 3)?
5
What is the value of -4 - (-19 - -19 - (0 - -9))?
5
Calculate -1 + -3 - (-11 + 8).
-1
What is the value of -1 - (8 + -7 - 5) - -1?
4
What is the value of -6 + -1 - -5 - 0?
-2
Calculate 15 - 22 - (-2 + 3 + -2).
-6
Calculate -2 - -3 - (21 - 15).
-5
What is 6 + -9 + 4 + -1?
0
2 - 13 - (20 + -27)
-4
What is 22 - 27 - (0 - 3)?
-2
Calculate 9 + -6 + (0 - 5) - 1.
-3
What is the value of 0 + (0 - 0) + (51 - 52)?
-1
What is the value of (7 + 6 - 7) + -1?
5
Evaluate 10 + 62 + -69 + (1 - -4).
8
Calculate (6 - 13 - -13) + -6 - -3.
3
(-1 - (4 + -1)) + -13 + 22
5
What is 0 - 2 - (0 - 2)?
0
What is -5 + 5 + 0 + 0?
0
Calculate 0 - (-3 + -4 - 0) - 13.
-6
Calculate 2 - (2 + -1 + 2).
-1
-6 - (-11 - (6 + -8))
3
What is the value of -6 - (-1 - -2) - -2?
-5
-1 - 2 - (-2 - (3 - 3))
-1
Evaluate -1 + (6 + 0 - (10 + -10)).
5
Evaluate -12 + 7 + (0 - (4 + -2)).
-7
-1 - 2 - (-10 + 11)
-4
What is (0 - 1) + 3 + 3?
5
What is the value of -4 + (0 - 4) + 7?
-1
Calculate -24 + 16 + (1 - -3).
-4
Evaluate (-2 - (2 - 3)) + -2 - 1.
-4
Evaluate -3 + (-4 - (-1 + -9)) + 2.
5
Evaluate 0 + (-3 - (-3 - -2) - -4).
2
Evaluate -4 - -8 - (-2 + 14).
-8
What is the value of 15 - 12 - (-1 + 3)?
1
Calculate (-4 - 0) + (-1 - (9 + -9)).
-5
Evaluate (4 - 0 - (11 - 2)) + 12.
7
Evaluate (4 - 5) + 4 + 1 + -2.
2
(-1 + 1 + -8 - -3) + 5
0
What is the value of 0 + -6 + 3 + 3?
0
What is ((5 - 4) + 1 - 6) + 9?
5
Calculate 11 + (1 - -4 - 10).
6
What is the value of -5 - (2 + -5) - -8?
6
Evaluate -6 + 3 + 6 - 2.
1
Evaluate 5 - ((10 - (12 - 8)) + -6).
5
Evaluate -1 + 1 - ((-5 - -3) + 3).
-1
Calculate 2 - (9 + 0 + 1 + -3).
-5
What is -13 + 3 + 16 - -1?
7
What is the value of -4 - ((8 - 10) + -1 + -1)?
0
Calculate -18 + (7 - -1) - -8.
-2
-1 - ((1 - (1 + -2)) + -2)
-1
Calculate (1 + 4 - 7) + -6.
-8
What is -10 - (-2 + 0 + -5)?
-3
What is the value of -5 - ((-2 - -5) + -12)?
4
Calculate -6 + 4 - -1 - -6.
5
-4 + 9 + 7 + -9
3
(-4 - (-5 + 5)) + 7
3
What is 55 + -50 - (1 - 0 - 3)?
7
What is the value of -15 + 5 - -5 - -1?
-4
What is the value of -2 + -9 + 11 - 0?
0
What is the value of -12 + 0 - (-60 - -56)?
-8
-4 + 1 + -1 - -9
5
What is the value of 6 + 2 + -3 + (-10 - -4)?
-1
-8 + 3 + 4 - 3
-4
Calculate 1 + -4 + 6 + -4.
-1
Evaluate 13 - (13 - 11) - (0 + 6).
5
What is 1 + 2 - (-17 + 23)?
-3
What is the value of -2 + 2 + -2 + 5?
3
What is the value of -1 + 3 + -8 + -2?
-8
What is the value of -5 + -2 + 8 - 0?
1
What is the value of (3 - 2) + (1 - -5)?
7
9 - (3 - 1 - -2)
5
What is the value of -2 - -5 - ((-1 - 1) + 1)?
4
Evaluate (2 - ((-1 - 3) + 2)) + -1.
3
Calculate 4 + 0 + -2 + -5.
-3
What is (23 - 35) + 5 + (-3 - -3)?
-7
3 + -1 + -3 + 1 + 4
4
What is (-6 + 15 - 3) + -7?
-1
Evaluate -7 + 2 + 2 + 0.
-3
What is 0 + (1 - 1 - -3)?
3
4 - 1 - (-7 + 7) - 1
2
What is the value of 2 + (-4 - -8) + -3?
3
What is (19 - 17) + (3 - 4)?
1
Evaluate -4 - (4 - 9 - 0).
1
Calculate -1 - (-7 - -5) - 0.
1
What is the value of (1 - 2) + -1 + (0 - -1)?
-1
Evaluate 6 + 1 + -20 + 14 - 5.
-4
7 - (3 - (-2 + -12))
-10
-5 - (7 + -5 + 3 + -3)
-7
What is the value of 0 - -5 - (17 + -17)?
5
10 - (-3 + 29 + -10)
-6
What is 13 + -1 - (55 + -43)?
0
What is the value of -2 + 11 + -2 + -11?
-4
What is -5 + 4 - 0 - 2?
-3
What is (-8 - (-6 - -1)) + 4?
1
Evaluate 2 + -10 + -8 + 13 + -2.
-5
Evaluate 1 + (-3 - -5) - 4 - -6.
5
What is the value of -1 - 1 - (-36 - -29) - 1?
4
What is the value of -2 - 0 - -5 - -1?
4
-4 + (-3 - -1) + 5 + 1
0
-1 - -3 - -1 - -2
5
(11 - (4 - -3)) + -3
1
Calculate -13 + 22 + -9 + -4.
-4
6 + -2 - (-8 - 1 - -7)
6
What is the value of 19 - (5 - -5) - 6?
3
Calculate 5 - 7 - (8 + -6).
-4
Evaluate (0 - 4 - -5) + -4.
-3
What is 5 + 3 - (1 - -12)?
-5
Evaluate -6 + 6 + -4 + 8 - -3.
7
What is 0 - (-3 + -4) - 0?
7
(2 - (2 - -3)) + -1 + 9
5
E